ivided by u?
88
Suppose 3*k - a = 2*a + 6, -3*k + 5*a = -10. What is the remainder when k + 1*4*8 is divided by (-12)/54 + ((-1378)/(-126) - 2/(-7))?
10
Let h = 87 - 40. Suppose -3*m + 93 = -2*m. What is the remainder when m is divided by h?
46
Let p = -24 + 18. Let g(k) = -2 - 6 - 5*k + 1. Calculate the remainder when g(p) is divided by 13.
10
What is the remainder when 3 - 2*(-486)/12 is divided by 45?
39
Let h = 110 + -167. What is the remainder when (-2)/(0 - (-2)/(-48)) is divided by (-4)/2 + h/(-3)?
14
Let t(w) = -w + 2. Let p be t(1). Let z be -2 + (p - -3) - 0. Suppose z*l = a - 18, l + 14 = -3*a + 4*a. Calculate the remainder when 39 is divided by a.
9
Let c be (9 + -11)*(-46)/4. Suppose 4*j - 5*b - c = 0, -5*b + 1 = -2*j - 0*b. What is the remainder when 47 is divided by j?
11
Suppose 10 = -5*j - 0, 0 = 4*d - 4*j - 24. Suppose y + 3*o - 10 - 5 = 0, -d*o - 12 = -4*y. Calculate the remainder when 107 is divided by (-18)/((-1)/y*4).
26
Let o(z) = -4*z - 9. Let f be o(-6). Suppose -t = -5*p - 20, -5*p + 0 - f = 0. What is the remainder when 29 is divided by t?
4
Let t(s) = -s**2 + 40*s - 230. What is the remainder when 992 is divided by t(18)?
162
Suppose -5*t = 2*j - 203, -4*t + 382 = 5*j - 117. What is the remainder when j is divided by 20?
19
Let d be (16/6)/((-11)/132) + -1. Calculate the remainder when (-1 + -51)*d/12 is divided by 37.
32
Let x(m) = 5*m**3 - m + 1. What is the remainder when 21/(-6) + 3 - 75/(-10) is divided by x(1)?
2
Let q(n) = 6*n**2 + n + 13. Let y(i) = -3*i**2 - 6. Let o(b) = -4*q(b) - 9*y(b). What is the remainder when o(4) is divided by 9?
7
Suppose 0 = -2*j - 4*k + 53 + 5, 108 = 4*j + 4*k. Calculate the remainder when 99 is divided by j.
24
Let r = 7 - 3. Let a = 13 + -10. Suppose 0 = a*v - z - 24 + 5, 5*v + 3*z - 27 = 0. Calculate the remainder when v is divided by r.
2
Let h(w) = -5*w**2 - 297*w - 22. What is the remainder when h(-59) is divided by 19?
1
Let z = -2133 - -2154. Calculate the remainder when 160 is divided by z.
13
Suppose -164 = -45*k + 41*k. Calculate the remainder when k is divided by 14.
13
Let z = -284 - -306. Calculate the remainder when 283 is divided by z.
19
Let i(h) = -2*h**3 - 2*h**2 - 2. Suppose -v - 3 = 26. Let t = v - -27. What is the remainder when 9 is divided by i(t)?
3
Suppose -2*x + 6*x + 88 = -4*m, -3*x - 91 = 4*m. Let d = -16 - m. What is the remainder when 16 is divided by d?
7
Suppose -1204 = -19*b + 12*b. Calculate the remainder when b is divided by 20.
12
Let u(j) = 2*j + 16. Suppose 2*v - 3*z = -0*z + 256, 4*v + 3*z = 494. Calculate the remainder when v is divided by u(8).
29
Let h be (-12)/(-15)*25/2. Suppose 2*q + 223 = -2*q + p, q - p + 58 = 0. Calculate the remainder when 15 is divided by (-2)/h + (-231)/q.
3
Let f(n) = -22*n**2 + 8*n**2 - 13 + 15*n**2 - 5*n. Let o = 25 + -12. What is the remainder when f(10) is divided by o?
11
Suppose -8*g - 14790 = -25*g. Calculate the remainder when g is divided by 97.
94
Let l = -5 + 14. Suppose 76 = l*y - 5*y. Calculate the remainder when y is divided by -2 - (-17 - (-2 - 2)).
8
Suppose 4*g + 874 = 950. Suppose 0 = -3*u - 2*u + 270. What is the remainder when u is divided by g?
16
Suppose 5*v = 3 - 13, b - 2*v - 14 = 0. What is the remainder when 158 is divided by b?
8
Suppose 3*h = -h. Suppose 5*i - n + 2*n - 184 = h, 148 = 4*i + n. Suppose -t - 55 = -5*d, 0 = -2*d + d + t + 15. What is the remainder when i is divided by d?
6
Let x(d) = d**3 - 7*d**2 - 4*d - 9. Let r be x(7). Let o = 105 + r. Let p = o - 25. What is the remainder when p is divided by 9?
7
Let a = -202 + 245. Let c(q) = -7*q**3 - 2*q**2 - 3. What is the remainder when c(-3) is divided by a?
39
Let j = 253 - 175. Suppose -b = 3*f + 2*b - j, 0 = -3*f - 4*b + 82. Let z = -170 + 233. What is the remainder when z is divided by f?
19
Suppose -6*f - 5 + 29 = 0. Suppose 6*c + 4*o = 2*c + 512, 2*c - 262 = f*o. Calculate the remainder when c is divided by 33.
30
Suppose 0 = -5*a + 7*a - 294. Let d = 314 + -284. What is the remainder when a is divided by d?
27
Let b(g) = 45*g + 73. What is the remainder when 245 is divided by b(-1)?
21
Let z(r) = r**2 - r. Suppose 52*l - 431 - 1544 = 1977. Calculate the remainder when l is divided by z(5).
16
Let g(m) = -113*m**3 + 1. What is the remainder when g(-1) is divided by (-118)/(-4) + 52/(-104)?
27
Suppose -2*k = 19*k - 504. What is the remainder when 94 is divided by k?
22
Calculate the remainder when 154 is divided by 10/15*90 - 6.
46
Suppose 2*l + 5*r = 55 - 0, -4*r - 4 = 0. What is the remainder when l is divided by 16?
14
Let r = 76 + -69. Calculate the remainder when r is divided by 6.
1
Suppose 0*o = 5*h - 3*o - 33, -3*o + 27 = 5*h. Suppose 39 + 11 = 5*s. Suppose 0 = 3*q + r + r - 50, q = -2*r + s. What is the remainder when q is divided by h?
2
Suppose -6*s = -6, 5*s - 16 - 13 = -d. What is the remainder when 130 is divided by d?
10
Suppose -g - 10 = -54. Suppose 0 = -2*k + 3 + 1. What is the remainder when g is divided by 249/27 - k/9?
8
Suppose x + 4*q = 279, -3*q = 4*x - 681 - 370. What is the remainder when x is divided by 65?
64
Suppose -32 = -3*n + 10. Let w(d) = -d**3 - 32*d**2 - 61*d + 8. Calculate the remainder when w(-30) is divided by n.
10
Suppose -c + 0*c + 100 = -4*s, 6 = -2*s. Suppose 0 = 229*i - 221*i - 144. Calculate the remainder when c is divided by i.
16
Suppose -548 - 202 = -3*w. What is the remainder when w is divided by 42?
40
Let q = -2 + 7. Suppose 3*s = 0, -21 + 6 = q*m + s. Let p = 34 - m. Calculate the remainder when p is divided by 10.
7
Suppose 1064 = 3*z - k, 2*z - 710 = -3*k + 4*k. Suppose z = 2*f - 124. What is the remainder when f is divided by 22?
19
Let i(s) = 121*s + 38. Calculate the remainder when 409 is divided by i(3).
8
Suppose 30 = 4*k - 7*k - 3*o, 0 = 2*k + 3*o + 23. Let q(c) = -c**3 - 7*c**2 - 3*c - 3. Calculate the remainder when -2*12/8 + 54 is divided by q(k).
15
Let x = 18 - 13. Suppose x*s = 3*z + 96 - 36, -5*z - 12 = -s. Suppose -46 = -3*l + 59. Calculate the remainder when l is divided by s.
11
Calculate the remainder when (-2)/8 - 12233/(-52) is divided by 17.
14
Let y be 73575/324 + (-1)/12. Suppose 36 = 4*p + 4*m, 2*m - 7*m = 4*p - 40. Suppose y - 87 = p*c. Calculate the remainder when c is divided by 15.
13
Let k(v) = -11*v - 8. Let w be -4 - ((3 - 2) + -1). Let b be k(w). Suppose -y = -3*s + s - b, -s = -y + 31. Calculate the remainder when y is divided by 10.
6
Suppose -8 - 17 = -4*x - 5*j, 9 = -3*j. Let m = -63 + 109. What is the remainder when m is divided by x?
6
Let y = 1028 - 1019. What is the remainder when 132 is divided by y?
6
Suppose 5*s = z + 40, s + s = -2*z + 28. Calculate the remainder when 75 is divided by s.
3
Suppose -6*z + z + 95 = 0. Suppose 8*s - 9*s = 2*y - 5, -3*s = 5*y - 19. Calculate the remainder when z is divided by s.
6
Suppose 4*g - 8*g = 3*f - 112, 0 = -f + g + 49. What is the remainder when f is divided by 17?
10
Let b be ((-63)/(-18))/(1/2). Suppose 9*w - b*w - 10 = 0. Suppose 22 = w*j - 13. What is the remainder when 12 is divided by j?
5
Let v(b) = 3*b**2 - 31*b + 142. What is the remainder when 317 is divided by v(6)?
61
Let y(d) = d + 34. Let h = 8 + -6. Suppose -h*t = t - 27. Calculate the remainder when y(-1) is divided by t.
6
Suppose -4*a - 23 = 2*w + 9, -2*w - a - 35 = 0. What is the remainder when (-1614)/(-27) - 4/w is divided by 21?
18
Suppose 4*o = 5*o + 5*g + 20, 0 = 4*o - 3*g - 35. Calculate the remainder when 45 is divided by o.
0
Let a = 856 + -416. Suppose a = 9*p - 5*p. Let q = -6 - -34. Calculate the remainder when p is divided by q.
26
Let b(s) = 11*s**2 - 1. Let o(d) = 2*d**3 + 5*d**2 + 4. Let l be o(-4). Let u = l + 73. Calculate the remainder when u is divided by b(-1).
9
Let k be -2*1*(-4)/2. Suppose -2*v + 62 = -k*n, -54 - 127 = -5*v - 3*n. Suppose 7*j = 5*j + 24. What is the remainder when v is divided by j?
11
Let j = 64 + -104. Let f = -21 - j. Calculate the remainder when 37 is divided by f.
18
Suppose 0 = -4*q, 4*j + j = q + 375. What is the remainder when j is divided by 16?
11
Suppose 2*j + 2*j = 108. Suppose 0 = 2*m + 6, f = -f - m + 17. Calculate the remainder when j is divided by f.
7
Suppose 2*i + 16 = -3*h, 2*i - h + 26 = h. What is the remainder when 93 is divided by (-2)/((22/12)/i)?
9